16917081 a composite number?
False
Is 17252276879 prime?
True
Is 1092058787 a prime number?
True
Is 11106912109 prime?
True
Is 23803532561 prime?
False
Is 23257591151 a prime number?
True
Is 725289317 prime?
True
Is 48346717 composite?
False
Is 10919035343 composite?
False
Is 497788873 a composite number?
False
Is 88165699 prime?
True
Is 238249619 a composite number?
False
Is 1475277229 a composite number?
False
Is 69477169777 a prime number?
False
Is 6915230207 prime?
True
Is 19059519623 composite?
True
Is 306218141 a composite number?
True
Is 20039344015 composite?
True
Is 20831051 a prime number?
True
Is 459767729 prime?
True
Is 68234713 a prime number?
True
Is 1137169307 a prime number?
True
Is 15249019 prime?
True
Is 3826349323 composite?
False
Is 53669268539 a composite number?
True
Is 14000560031 a prime number?
True
Is 1663954687 composite?
True
Is 1737042539 composite?
True
Is 11687017597 prime?
True
Is 142247269 a composite number?
False
Is 17281198981 a composite number?
True
Is 43208171 prime?
False
Is 1449518353 composite?
False
Is 3866313331 composite?
False
Is 21996383 a prime number?
True
Is 24443281553 prime?
True
Is 811192682 a composite number?
True
Is 2507313971 a composite number?
True
Is 58082603209 a composite number?
True
Is 24014101 prime?
True
Is 2519056339 a composite number?
False
Is 883125597 a prime number?
False
Is 4079401903 a composite number?
False
Is 1402000051 a prime number?
False
Is 30044445671 a composite number?
False
Is 496154179 a composite number?
False
Is 2113247179 a composite number?
False
Is 8659325903 prime?
True
Is 940085291 a composite number?
True
Is 15904156529 a prime number?
True
Is 25727431 composite?
True
Is 5164110503 a prime number?
True
Is 9703476911 composite?
False
Is 73997068163 composite?
True
Is 12133140815 composite?
True
Is 141223379581 composite?
True
Is 101091740341 a composite number?
False
Is 6127318277 composite?
False
Is 8704938707 prime?
False
Is 721098029 composite?
False
Is 1954078513 a composite number?
True
Is 6867629159 a composite number?
False
Is 6022028641 a composite number?
True
Is 1327567757 composite?
True
Is 3734414857 a composite number?
False
Is 988929661 a composite number?
True
Is 2023379 a prime number?
False
Is 11260157147 a prime number?
False
Is 318901007 composite?
True
Is 18471017 composite?
False
Is 843062239 a prime number?
True
Is 11909362789 prime?
False
Is 16350938237 composite?
False
Is 72838931779 prime?
False
Is 2441740213 composite?
True
Is 1315535561 a prime number?
False
Is 40757710241 prime?
False
Is 20188561109 a composite number?
True
Is 685418523 prime?
False
Is 1740623 composite?
False
Is 305672447471 prime?
False
Is 23636804447 a composite number?
False
Is 1936332935 prime?
False
Is 3138191389 composite?
False
Is 10252312907 prime?
True
Is 33276810211 prime?
False
Is 43838813 prime?
True
Is 10435289 prime?
True
Is 5280641537 composite?
False
Is 6204525973 composite?
True
Is 4693694601 a composite number?
True
Is 65281439357 a composite number?
False
Is 21026123681 a composite number?
True
Is 51276239233 composite?
True
Is 751015933 a prime number?
True
Is 6157626169 a prime number?
False
Is 565214459 prime?
True
Is 6714077639 a prime number?
False
Is 9842772073 composite?
False
Is 174110677087 prime?
True
Is 1605316723 composite?
True
Is 611260183 composite?
True
Is 302877343 prime?
True
Is 15751303093 a composite number?
False
Is 14141035819 a prime number?
True
Is 750136999 prime?
False
Is 313015603 prime?
True
Is 864345011 a prime number?
True
Is 18706202663 a composite number?
False
Is 29576868281 a composite number?
False
Is 12814573391 a composite number?
False
Is 14246106506 composite?
True
Is 58852657271 a prime number?
True
Is 2645487919 a composite number?
True
Is 1054376507 prime?
True
Is 4855330801 prime?
True
Is 3673454501 prime?
False
Is 1088879923 composite?
False
Is 40062712759 composite?
False
Is 205612897673 prime?
False
Is 742131107 a prime number?
False
Is 42958604839 composite?
True
Is 9356642317 a composite number?
True
Is 29769268469 a composite number?
True
Is 4441835774 composite?
True
Is 125569203 composite?
True
Is 558080203 composite?
False
Is 2008444793 a prime number?
False
Is 95804777921 a prime number?
False
Is 11708763679 composite?
True
Is 9482443 a composite number?
True
Is 7353696963 composite?
True
Is 13771332667 prime?
False
Is 2200318867 a prime number?
True
Is 45697151 composite?
False
Is 38973317259 a composite number?
True
Is 1266794279 prime?
True
Is 2123941069 prime?
False
Is 9508106249 a composite number?
False
Is 269893747 a composite number?
True
Is 270624319 composite?
True
Is 154455209065 composite?
True
Is 1743254377 prime?
False
Is 35207676239 composite?
False
Is 2651786783 a prime number?
True
Is 35688586813 a prime number?
False
Is 11103291389 a prime number?
False
Is 4976291531 composite?
False
Is 7241285867 a composite number?
False
Is 36268614071 a prime number?
True
Is 232576104053 a prime number?
False
Is 39146203255 prime?
False
Is 46694895329 prime?
True
Is 967293241 composite?
True
Is 13922804977 prime?
True
Is 723843773 prime?
True
Is 2447443993 composite?
False
Is 37512546073 a prime number?
True
Is 2715813679 composite?
True
Is 139942982041 prime?
True
Is 2481351701 a prime number?
True
Is 1238625659 a composite number?
False
Is 559398377 composite?
False
Is 121671464177 a prime number?
True
Is 116587349 a composite number?
True
Is 40867338401 prime?
True
Is 1264084301 a prime number?
False
Is 957850763 composite?
True
Is 8012451037 a prime number?
True
Is 223876336213 composite?
False
Is 874564373 prime?
True
Is 8145746869 composite?
True
Is 262319445097 prime?
False
Is 37558310267 a prime number?
False
Is 125159663 a composite number?
False
Is 1828257391 a composite number?
False
Is 1435298237 composite?
False
Is 7015308031 composite?
True
Is 14946072601 a composite number?
True
Is 7576174531 prime?
True
Is 1209260113 composite?
True
Is 61444833217 a composite number?
True
Is 125094348553 a composite number?
False
Is 2435653673 a prime number?
True
Is 2153761903 a composite number?
False
Is 100618501033 composite?
False
Is 3679577581 a composite number?
True
Is 28759185569 a prime number?
True
Is 4140288749 a prime number?
False
Is 19101234839 prime?
True
Is 20141327893 a composite number?
False
Is 51751443479 a composite number?
False
Is 107057793313 prime?
True
Is 48663058751 prime?
True
Is 10235494591 prime?
False
Is 1262144911 a composite number?
True
Is 212948670026 prime?
False
Is 2390410949 a prime number?
True
Is 2056748027 prime?
True
Is 121211528227 prime?
False
Is 55204722381 prime?
False
Is 2497818957 a prime number?
False
Is 1175949457 composite?
False
Is 8774328463 a composite number?
True
Is 2571912863 composite?
True
Is 8750378653 composite?
False
Is 620185169 composite?
False
Is 56509245047 prime?
False
Is 111618717443 a composite number?
False
Is 49998043889 a composite number?
True
Is 86748073 a prime number?
False
Is 2574008839 a prime number?
True
Is 20339107963 a prime number?
True
Is 31737455263 a composite number?
False
Is 18627292493 prime?
False
Is 59299504441 prime?
False
Is 5565062791 prime?
True
Is 1199623289 a prime number?
True
Is 2995361609 prime?
False
Is 40947326033 prime?
True
Is 7727591231 a prime number?
True
Is 70122850337 composite?
False
Is 283566391 composite?
False
Is 147760860557 a composite number?
False
Is 12371321843 composite?
False
Is 137705191 prime?
False
Is 145333631 a prime number?
False
Is 215271737 a prime number?
False
Is 9915908901 prime?
False
Is 2652992033 a composite number?
True
Is 118520573 a composite number?
False
Is 14640457531 composite?
True
Is 49425790511 prime?
True
Is 89163871 a composite number?
False
Is 88256146373 a composite number?
False
Is 8079783863 a composite number?
True
Is 2484489527 composite?
True
Is 5091777357 composite?
True
Is 396612093 composite?
True
Is 678415057 a composite number?
True
Is 1467476359 prime?
True
Is 6264029855 a composite number?
True
Is 14598818611 composite?
True
Is 57588021313 a prime number?
False
Is 1105228609 a composite number?
False
Is 124423699 prime?
True
Is 333538658 prime?
False
Is 171201781941 a composite number?
True
Is 3311658113 prime?
True
Is 5